 8974.
2, 7, 641
What are the prime factors of 81475?
5, 3259
List the prime factors of 731.
17, 43
List the prime factors of 7038.
2, 3, 17, 23
List the prime factors of 7831.
41, 191
What are the prime factors of 12253?
12253
List the prime factors of 5586.
2, 3, 7, 19
What are the prime factors of 2291?
29, 79
List the prime factors of 11393.
11393
What are the prime factors of 950?
2, 5, 19
What are the prime factors of 8172?
2, 3, 227
List the prime factors of 1347.
3, 449
What are the prime factors of 356?
2, 89
List the prime factors of 42759.
3, 4751
List the prime factors of 9551.
9551
List the prime factors of 46523.
46523
List the prime factors of 1938.
2, 3, 17, 19
List the prime factors of 13116.
2, 3, 1093
List the prime factors of 5.
5
What are the prime factors of 1955?
5, 17, 23
List the prime factors of 1615.
5, 17, 19
List the prime factors of 1215.
3, 5
List the prime factors of 541.
541
What are the prime factors of 2099?
2099
What are the prime factors of 1029?
3, 7
What are the prime factors of 2825?
5, 113
What are the prime factors of 3705?
3, 5, 13, 19
What are the prime factors of 108385?
5, 53, 409
What are the prime factors of 8014?
2, 4007
What are the prime factors of 1080?
2, 3, 5
What are the prime factors of 958?
2, 479
What are the prime factors of 15666?
2, 3, 7, 373
What are the prime factors of 107042?
2, 13, 23, 179
List the prime factors of 25124.
2, 11, 571
What are the prime factors of 3202?
2, 1601
List the prime factors of 655.
5, 131
What are the prime factors of 73439?
23, 31, 103
What are the prime factors of 154961?
83, 1867
List the prime factors of 44118.
2, 3, 19, 43
List the prime factors of 3501.
3, 389
What are the prime factors of 15080?
2, 5, 13, 29
What are the prime factors of 83873?
83873
What are the prime factors of 9010?
2, 5, 17, 53
What are the prime factors of 38043?
3, 1409
What are the prime factors of 15682?
2, 7841
What are the prime factors of 4437?
3, 17, 29
List the prime factors of 117.
3, 13
List the prime factors of 1284.
2, 3, 107
What are the prime factors of 1570?
2, 5, 157
What are the prime factors of 41972?
2, 7, 1499
List the prime factors of 120679.
13, 9283
What are the prime factors of 2632?
2, 7, 47
What are the prime factors of 99286?
2, 11, 4513
List the prime factors of 2457.
3, 7, 13
What are the prime factors of 3045?
3, 5, 7, 29
What are the prime factors of 16924?
2, 4231
List the prime factors of 109990.
2, 5, 17, 647
List the prime factors of 545.
5, 109
List the prime factors of 9599.
29, 331
List the prime factors of 670.
2, 5, 67
List the prime factors of 67.
67
List the prime factors of 13518.
2, 3, 751
List the prime factors of 14.
2, 7
What are the prime factors of 478?
2, 239
What are the prime factors of 571?
571
What are the prime factors of 1417?
13, 109
List the prime factors of 138356.
2, 34589
What are the prime factors of 72851?
263, 277
List the prime factors of 1228.
2, 307
List the prime factors of 14611.
19, 769
List the prime factors of 80364.
2, 3, 37, 181
What are the prime factors of 55?
5, 11
List the prime factors of 34713.
3, 7, 19, 29
List the prime factors of 2612.
2, 653
List the prime factors of 52180.
2, 5, 2609
What are the prime factors of 923?
13, 71
What are the prime factors of 4997?
19, 263
List the prime factors of 91929.
3, 30643
What are the prime factors of 1807?
13, 139
List the prime factors of 1521.
3, 13
List the prime factors of 7524.
2, 3, 11, 19
List the prime factors of 92227.
92227
What are the prime factors of 8296?
2, 17, 61
What are the prime factors of 554?
2, 277
What are the prime factors of 13383?
3, 1487
What are the prime factors of 513?
3, 19
What are the prime factors of 7994?
2, 7, 571
List the prime factors of 1842.
2, 3, 307
What are the prime factors of 10026?
2, 3, 557
List the prime factors of 4334.
2, 11, 197
What are the prime factors of 2966?
2, 1483
What are the prime factors of 5458?
2, 2729
What are the prime factors of 16448?
2, 257
List the prime factors of 93585.
3, 5, 17, 367
What are the prime factors of 74481?
3, 11, 37, 61
List the prime factors of 37656.
2, 3, 523
List the prime factors of 130755.
3, 5, 23, 379
What are the prime factors of 44910?
2, 3, 5, 499
List the prime factors of 4610.
2, 5, 461
List the prime factors of 239.
239
List the prime factors of 48164.
2, 12041
What are the prime factors of 24538?
2, 12269
List the prime factors of 2297.
2297
What are the prime factors of 251?
251
List the prime factors of 1546.
2, 773
List the prime factors of 1495.
5, 13, 23
List the prime factors of 42943.
42943
List the prime factors of 4041.
3, 449
List the prime factors of 41673.
3, 29, 479
What are the prime factors of 3575?
5, 11, 13
What are the prime factors of 3027?
3, 1009
What are the prime factors of 46119?
3, 15373
What are the prime factors of 73217?
211, 347
What are the prime factors of 17954?
2, 47, 191
What are the prime factors of 7357?
7, 1051
List the prime factors of 2546.
2, 19, 67
List the prime factors of 36655.
5, 7331
List the prime factors of 29492.
2, 73, 101
List the prime factors of 10253.
10253
List the prime factors of 898.
2, 449
What are the prime factors of 1194?
2, 3, 199
What are the prime factors of 21577?
21577
What are the prime factors of 393?
3, 131
What are the prime factors of 11839?
11839
List the prime factors of 86553.
3, 59, 163
What are the prime factors of 14153?
14153
What are the prime factors of 273?
3, 7, 13
What are the prime factors of 55302?
2, 3, 13, 709
What are the prime factors of 13?
13
What are the prime factors of 5442?
2, 3, 907
List the prime factors of 13404.
2, 3, 1117
List the prime factors of 27760.
2, 5, 347
List the prime factors of 693.
3, 7, 11
List the prime factors of 40549.
23, 41, 43
What are the prime factors of 12001?
11, 1091
What are the prime factors of 62011?
62011
What are the prime factors of 28445?
5, 5689
List the prime factors of 1155.
3, 5, 7, 11
List the prime factors of 29978.
2, 13, 1153
What are the prime factors of 1936?
2, 11
List the prime factors of 1825.
5, 73
List the prime factors of 1412.
2, 353
List the prime factors of 1155.
3, 5, 7, 11
List the prime factors of 544.
2, 17
What are the prime factors of 20043?
3, 17, 131
List the prime factors of 1387.
19, 73
What are the prime factors of 34473?
3, 11491
List the prime factors of 8191.
8191
List the prime factors of 5659.
5659
What are the prime factors of 84717?
3, 9413
What are the prime factors of 94625?
5, 757
List the prime factors of 19386.
2, 3, 359
List the prime factors of 325.
5, 13
List the prime factors of 5582.
2, 2791
List the prime factors of 183829.
183829
List the prime factors of 73.
73
List the prime factors of 2201.
31, 71
List the prime factors of 807.
3, 269
List the prime factors of 8132.
2, 19, 107
What are the prime factors of 9550?
2, 5, 191
What are the prime factors of 1278?
2, 3, 71
What are the prime factors of 4212?
2, 3, 13
What are the prime factors of 46425?
3, 5, 619
What are the prime factors of 140919?
3, 107, 439
List the prime factors of 100368.
2, 3, 17, 41
What are the prime factors of 1303?
1303
List the prime factors of 132149.
103, 1283
List the prime factors of 2266.
2, 11, 103
What are the prime factors of 49648?
2, 29, 107
List the prime factors of 3602.
2, 1801
List the prime factors of 1668.
2, 3, 139
List the prime factors of 42375.
3, 5, 113
List the prime factors of 1197.
3, 7, 19
What are the prime factors of 103790?
2, 5, 97, 107
What are the prime factors of 2332?
2, 11, 53
List the prime factors of 6222.
2, 3, 17, 61
List the prime factors of 90578.
2, 45289
What are the prime factors of 12593?
7, 257
What are the prime factors of 6060?
2, 3, 5, 101
List the prime factors of 2911.
41, 71
What are the prime factors of 6796?
2, 1699
What are the prime factors of 1523?
1523
What are the prime factors of 5855?
5, 1171
List the prime factors of 145.
5, 29
What are the prime factors of 2460?
2, 3, 5, 41
List the prime factors of 162817.
23, 7079
What are the prime factors of 3899?
7, 557
List the prime factors of 26776.
2, 3347
List the prime factors of 1237.
1237
What are the prime factors of 1192?
2, 149
List the prime factors of 39780.
2, 3, 5, 13, 17
List the p